{"id":14,"date":"2026-03-26T03:54:38","date_gmt":"2026-03-26T03:54:38","guid":{"rendered":"http:\/\/alacordamusica.com\/home\/?page_id=14"},"modified":"2026-04-13T11:37:43","modified_gmt":"2026-04-13T10:37:43","slug":"inicio","status":"publish","type":"page","link":"http:\/\/alacordamusica.com\/home\/","title":{"rendered":"Inicio"},"content":{"rendered":"\t\t<div data-elementor-type=\"wp-page\" data-elementor-id=\"14\" class=\"elementor elementor-14\">\n\t\t\t\t<div class=\"elementor-element elementor-element-0edf122 e-flex e-con-boxed e-con e-parent\" data-id=\"0edf122\" data-element_type=\"container\" data-e-type=\"container\">\n\t\t\t\t\t<div class=\"e-con-inner\">\n\t\t\t\t<div class=\"elementor-element elementor-element-b9372e8 elementor-widget elementor-widget-flex-hero\" data-id=\"b9372e8\" data-element_type=\"widget\" data-e-type=\"widget\" data-settings=\"{&quot;layout_preset&quot;:&quot;storytelling&quot;,&quot;primary_button_shape&quot;:&quot;round&quot;,&quot;image_shape&quot;:&quot;sharp&quot;,&quot;box_shape&quot;:&quot;sharp&quot;}\" data-widget_type=\"flex-hero.default\">\n\t\t\t\t<div class=\"elementor-widget-container\">\n\t\t\t\t\t\t\t<div class=\"has-shape-sharp shape-type-box ehp-flex-hero has-layout-preset-storytelling\">\n\t\t\t\t\t\t<div class=\"ehp-flex-hero__overlay\"><\/div>\n\t\t\t<div class=\"ehp-flex-hero__content-container\">\n\t\t\t\t<p class=\"ehp-flex-hero__intro\">Bienvenido\/a:<\/p><h2 class=\"ehp-flex-hero__heading\">a la  corda m\u00fasica <\/h2><h3 class=\"ehp-flex-hero__subheading\">tu tienda online de cuerdas y accesorios<\/h3>\t\t\t<div class=\"ehp-flex-hero__ctas-container\">\n\t\t\t\t\t\t<a class=\"has-shape-round shape-type-button ehp-button ehp-button--primary ehp-flex-hero__button ehp-flex-hero__button--primary is-type-button\" href=\"https:\/\/alacordamusica.com\/home\/tienda\/\">\n\t\t\t\t\t<span class=\"ehp-button__text ehp-flex-hero__button-text ehp-flex-hero__button-text--primary\">\n\t\t\tENTRA AHORA\t\t\t\t<\/a>\n\t\t\t\t\t\t\t\t\t<\/div>\n\t\t\t\t\t<\/div>\n\t\t\t\t<div class=\"ehp-flex-hero__image-wrapper\">\n\t\t\t\t\t<div class=\"ehp-image ehp-flex-hero__image-container\">\n\t\t\t\t<img decoding=\"async\" class=\"ehp-image__img ehp-flex-hero__img has-shape-sharp shape-type-image\" src=\"http:\/\/alacordamusica.com\/home\/wp-content\/uploads\/2026\/03\/Gemini_Generated_Image_4p5gcv4p5gcv4p5g.png\" title=\"Gemini_Generated_Image_4p5gcv4p5gcv4p5g\" alt=\"Gemini_Generated_Image_4p5gcv4p5gcv4p5g\" loading=\"lazy\" \/>\t\t\t<\/div>\n\t\t\t\t\t<\/div>\n\t\t\t\t<\/div>\n\t\t\t\t\t\t<\/div>\n\t\t\t\t<\/div>\n\t\t\t\t\t<\/div>\n\t\t\t\t<\/div>\n\t\t<div class=\"elementor-element elementor-element-b2851fc e-flex e-con-boxed e-con e-parent\" data-id=\"b2851fc\" data-element_type=\"container\" data-e-type=\"container\">\n\t\t\t\t\t<div class=\"e-con-inner\">\n\t\t\t\t<div class=\"elementor-element elementor-element-fc2e246 elementor-shape-rounded elementor-grid-0 e-grid-align-center elementor-widget elementor-widget-social-icons\" data-id=\"fc2e246\" data-element_type=\"widget\" data-e-type=\"widget\" data-widget_type=\"social-icons.default\">\n\t\t\t\t\t\t\t<div class=\"elementor-social-icons-wrapper elementor-grid\" role=\"list\">\n\t\t\t\t\t\t\t<span class=\"elementor-grid-item\" role=\"listitem\">\n\t\t\t\t\t<a class=\"elementor-icon elementor-social-icon elementor-social-icon-instagram elementor-repeater-item-70ace95\" href=\"https:\/\/www.instagram.com\/alacordamusica?igsh=MWZ6ODNiZWc2Z214Mw==\" target=\"_blank\">\n\t\t\t\t\t\t<span class=\"elementor-screen-only\">Instagram<\/span>\n\t\t\t\t\t\t<svg aria-hidden=\"true\" class=\"e-font-icon-svg e-fab-instagram\" viewBox=\"0 0 448 512\" xmlns=\"http:\/\/www.w3.org\/2000\/svg\"><path d=\"M224.1 141c-63.6 0-114.9 51.3-114.9 114.9s51.3 114.9 114.9 114.9S339 319.5 339 255.9 287.7 141 224.1 141zm0 189.6c-41.1 0-74.7-33.5-74.7-74.7s33.5-74.7 74.7-74.7 74.7 33.5 74.7 74.7-33.6 74.7-74.7 74.7zm146.4-194.3c0 14.9-12 26.8-26.8 26.8-14.9 0-26.8-12-26.8-26.8s12-26.8 26.8-26.8 26.8 12 26.8 26.8zm76.1 27.2c-1.7-35.9-9.9-67.7-36.2-93.9-26.2-26.2-58-34.4-93.9-36.2-37-2.1-147.9-2.1-184.9 0-35.8 1.7-67.6 9.9-93.9 36.1s-34.4 58-36.2 93.9c-2.1 37-2.1 147.9 0 184.9 1.7 35.9 9.9 67.7 36.2 93.9s58 34.4 93.9 36.2c37 2.1 147.9 2.1 184.9 0 35.9-1.7 67.7-9.9 93.9-36.2 26.2-26.2 34.4-58 36.2-93.9 2.1-37 2.1-147.8 0-184.8zM398.8 388c-7.8 19.6-22.9 34.7-42.6 42.6-29.5 11.7-99.5 9-132.1 9s-102.7 2.6-132.1-9c-19.6-7.8-34.7-22.9-42.6-42.6-11.7-29.5-9-99.5-9-132.1s-2.6-102.7 9-132.1c7.8-19.6 22.9-34.7 42.6-42.6 29.5-11.7 99.5-9 132.1-9s102.7-2.6 132.1 9c19.6 7.8 34.7 22.9 42.6 42.6 11.7 29.5 9 99.5 9 132.1s2.7 102.7-9 132.1z\"><\/path><\/svg>\t\t\t\t\t<\/a>\n\t\t\t\t<\/span>\n\t\t\t\t\t\t\t<span class=\"elementor-grid-item\" role=\"listitem\">\n\t\t\t\t\t<a class=\"elementor-icon elementor-social-icon elementor-social-icon-facebook elementor-repeater-item-b45fe57\" href=\"https:\/\/www.facebook.com\/profile.php?id=61576393765846\" target=\"_blank\">\n\t\t\t\t\t\t<span class=\"elementor-screen-only\">Facebook<\/span>\n\t\t\t\t\t\t<svg aria-hidden=\"true\" class=\"e-font-icon-svg e-fab-facebook\" viewBox=\"0 0 512 512\" xmlns=\"http:\/\/www.w3.org\/2000\/svg\"><path d=\"M504 256C504 119 393 8 256 8S8 119 8 256c0 123.78 90.69 226.38 209.25 245V327.69h-63V256h63v-54.64c0-62.15 37-96.48 93.67-96.48 27.14 0 55.52 4.84 55.52 4.84v61h-31.28c-30.8 0-40.41 19.12-40.41 38.73V256h68.78l-11 71.69h-57.78V501C413.31 482.38 504 379.78 504 256z\"><\/path><\/svg>\t\t\t\t\t<\/a>\n\t\t\t\t<\/span>\n\t\t\t\t\t\t\t<span class=\"elementor-grid-item\" role=\"listitem\">\n\t\t\t\t\t<a class=\"elementor-icon elementor-social-icon elementor-social-icon-linkedin elementor-repeater-item-dd63669\" href=\"https:\/\/www.linkedin.com\/in\/a-la-corda-m%C3%BAsica-tienda-online-de-cuerdas-y-accesorios-musicales-43573aa6\/\" target=\"_blank\">\n\t\t\t\t\t\t<span class=\"elementor-screen-only\">Linkedin<\/span>\n\t\t\t\t\t\t<svg aria-hidden=\"true\" class=\"e-font-icon-svg e-fab-linkedin\" viewBox=\"0 0 448 512\" xmlns=\"http:\/\/www.w3.org\/2000\/svg\"><path d=\"M416 32H31.9C14.3 32 0 46.5 0 64.3v383.4C0 465.5 14.3 480 31.9 480H416c17.6 0 32-14.5 32-32.3V64.3c0-17.8-14.4-32.3-32-32.3zM135.4 416H69V202.2h66.5V416zm-33.2-243c-21.3 0-38.5-17.3-38.5-38.5S80.9 96 102.2 96c21.2 0 38.5 17.3 38.5 38.5 0 21.3-17.2 38.5-38.5 38.5zm282.1 243h-66.4V312c0-24.8-.5-56.7-34.5-56.7-34.6 0-39.9 27-39.9 54.9V416h-66.4V202.2h63.7v29.2h.9c8.9-16.8 30.6-34.5 62.9-34.5 67.2 0 79.7 44.3 79.7 101.9V416z\"><\/path><\/svg>\t\t\t\t\t<\/a>\n\t\t\t\t<\/span>\n\t\t\t\t\t<\/div>\n\t\t\t\t\t\t<\/div>\n\t\t\t\t<div class=\"elementor-element elementor-element-00f2a68 elementor-widget elementor-widget-heading\" data-id=\"00f2a68\" data-element_type=\"widget\" data-e-type=\"widget\" data-widget_type=\"heading.default\">\n\t\t\t\t\t<h2 class=\"elementor-heading-title elementor-size-default\">S\u00cdGUENOS En redes sociales<\/h2>\t\t\t\t<\/div>\n\t\t\t\t<div class=\"elementor-element elementor-element-72f7791 elementor-widget-divider--view-line elementor-widget elementor-widget-divider\" data-id=\"72f7791\" data-element_type=\"widget\" data-e-type=\"widget\" data-widget_type=\"divider.default\">\n\t\t\t\t\t\t\t<div class=\"elementor-divider\">\n\t\t\t<span class=\"elementor-divider-separator\">\n\t\t\t\t\t\t<\/span>\n\t\t<\/div>\n\t\t\t\t\t\t<\/div>\n\t\t\t\t\t<\/div>\n\t\t\t\t<\/div>\n\t\t<div class=\"elementor-element elementor-element-9fbe2c6 e-flex e-con-boxed e-con e-parent\" data-id=\"9fbe2c6\" data-element_type=\"container\" data-e-type=\"container\">\n\t\t\t\t\t<div class=\"e-con-inner\">\n\t\t<div class=\"elementor-element elementor-element-180d7fc e-con-full e-flex e-con e-child\" data-id=\"180d7fc\" data-element_type=\"container\" data-e-type=\"container\">\n\t\t\t\t<div class=\"elementor-element elementor-element-cac0c3c elementor-widget elementor-widget-image\" data-id=\"cac0c3c\" data-element_type=\"widget\" data-e-type=\"widget\" data-widget_type=\"image.default\">\n\t\t\t\t\t\t\t\t\t\t\t\t\t\t\t<img fetchpriority=\"high\" decoding=\"async\" width=\"800\" height=\"437\" src=\"http:\/\/alacordamusica.com\/home\/wp-content\/uploads\/2026\/03\/Gemini_Generated_Image_5uhy2e5uhy2e5uhy-1024x559.png\" class=\"attachment-large size-large wp-image-231\" alt=\"\" srcset=\"http:\/\/alacordamusica.com\/home\/wp-content\/uploads\/2026\/03\/Gemini_Generated_Image_5uhy2e5uhy2e5uhy-1024x559.png 1024w, http:\/\/alacordamusica.com\/home\/wp-content\/uploads\/2026\/03\/Gemini_Generated_Image_5uhy2e5uhy2e5uhy-300x164.png 300w, http:\/\/alacordamusica.com\/home\/wp-content\/uploads\/2026\/03\/Gemini_Generated_Image_5uhy2e5uhy2e5uhy-768x419.png 768w, http:\/\/alacordamusica.com\/home\/wp-content\/uploads\/2026\/03\/Gemini_Generated_Image_5uhy2e5uhy2e5uhy-600x327.png 600w, http:\/\/alacordamusica.com\/home\/wp-content\/uploads\/2026\/03\/Gemini_Generated_Image_5uhy2e5uhy2e5uhy.png 1408w\" sizes=\"(max-width: 800px) 100vw, 800px\" \/>\t\t\t\t\t\t\t\t\t\t\t\t\t\t\t<\/div>\n\t\t\t\t<\/div>\n\t\t<div class=\"elementor-element elementor-element-493ac1e e-con-full e-flex e-con e-child\" data-id=\"493ac1e\" data-element_type=\"container\" data-e-type=\"container\">\n\t\t\t\t<div class=\"elementor-element elementor-element-ad501a8 elementor-widget elementor-widget-heading\" data-id=\"ad501a8\" data-element_type=\"widget\" data-e-type=\"widget\" data-widget_type=\"heading.default\">\n\t\t\t\t\t<h2 class=\"elementor-heading-title elementor-size-default\">QUIENES SOMOS Y QUIENES QUEREMOS SER<\/h2>\t\t\t\t<\/div>\n\t\t\t\t<div class=\"elementor-element elementor-element-ded2ca2 elementor-widget elementor-widget-text-editor\" data-id=\"ded2ca2\" data-element_type=\"widget\" data-e-type=\"widget\" data-widget_type=\"text-editor.default\">\n\t\t\t\t\t\t\t\t\t<p>\u00a0<\/p><p>\u00abA la Corda M\u00fasica\u00bb es una tienda pensada para m\u00fasicos y estudiantes que buscan cuerdas, accesorios y recursos musicales con criterio y confianza. Queremos pon\u00e9rtelo f\u00e1cil con una selecci\u00f3n cuidada, contenido \u00fatil y una experiencia cercana para que encuentres justo lo que necesitas y hagas de nuestra marca tu referencia musical.<\/p>\t\t\t\t\t\t\t\t<\/div>\n\t\t\t\t<\/div>\n\t\t\t\t\t<\/div>\n\t\t\t\t<\/div>\n\t\t<div class=\"elementor-element elementor-element-c51f944 e-flex e-con-boxed e-con e-parent\" data-id=\"c51f944\" data-element_type=\"container\" data-e-type=\"container\">\n\t\t\t\t\t<div class=\"e-con-inner\">\n\t\t\t\t<div class=\"elementor-element elementor-element-e6b6c45 elementor-widget elementor-widget-spacer\" data-id=\"e6b6c45\" data-element_type=\"widget\" data-e-type=\"widget\" data-widget_type=\"spacer.default\">\n\t\t\t\t\t\t\t<div class=\"elementor-spacer\">\n\t\t\t<div class=\"elementor-spacer-inner\"><\/div>\n\t\t<\/div>\n\t\t\t\t\t\t<\/div>\n\t\t\t\t\t<\/div>\n\t\t\t\t<\/div>\n\t\t<div class=\"elementor-element elementor-element-f002cc2 e-flex e-con-boxed e-con e-parent\" data-id=\"f002cc2\" data-element_type=\"container\" data-e-type=\"container\">\n\t\t\t\t\t<div class=\"e-con-inner\">\n\t\t<div class=\"elementor-element elementor-element-9b19b3d e-con-full e-flex e-con e-child\" data-id=\"9b19b3d\" data-element_type=\"container\" data-e-type=\"container\">\n\t\t\t\t<div class=\"elementor-element elementor-element-d843d23 elementor-widget elementor-widget-heading\" data-id=\"d843d23\" data-element_type=\"widget\" data-e-type=\"widget\" data-widget_type=\"heading.default\">\n\t\t\t\t\t<h2 class=\"elementor-heading-title elementor-size-default\">NUESTRO BLOG<\/h2>\t\t\t\t<\/div>\n\t\t\t\t<div class=\"elementor-element elementor-element-9d64733 elementor-widget elementor-widget-text-editor\" data-id=\"9d64733\" data-element_type=\"widget\" data-e-type=\"widget\" data-widget_type=\"text-editor.default\">\n\t\t\t\t\t\t\t\t\t<p>\u00a0<\/p><p>En el blog de A la Corda M\u00fasica encontrar\u00e1s art\u00edculos, consejos y contenidos pr\u00e1cticos sobre instrumentos de cuerda y accesorios musicales, pensados para ayudarte a conocer mejor cada producto y convertirnos en tu referencia de confianza.<\/p><p>\u00a0<\/p><p>\u00a0<\/p>\t\t\t\t\t\t\t\t<\/div>\n\t\t\t\t<div class=\"elementor-element elementor-element-a77839e elementor-align-center elementor-widget elementor-widget-button\" data-id=\"a77839e\" data-element_type=\"widget\" data-e-type=\"widget\" data-widget_type=\"button.default\">\n\t\t\t\t\t\t\t\t\t\t<a class=\"elementor-button elementor-button-link elementor-size-sm\" href=\"https:\/\/alacordamusica.com\/home\/blog\/\">\n\t\t\t\t\t\t<span class=\"elementor-button-content-wrapper\">\n\t\t\t\t\t\t\t\t\t<span class=\"elementor-button-text\">\u00a1Entra!<\/span>\n\t\t\t\t\t<\/span>\n\t\t\t\t\t<\/a>\n\t\t\t\t\t\t\t\t<\/div>\n\t\t\t\t<\/div>\n\t\t<div class=\"elementor-element elementor-element-d829465 e-con-full e-flex e-con e-child\" data-id=\"d829465\" data-element_type=\"container\" data-e-type=\"container\">\n\t\t\t\t<div class=\"elementor-element elementor-element-918dbfb elementor-widget elementor-widget-image\" data-id=\"918dbfb\" data-element_type=\"widget\" data-e-type=\"widget\" data-widget_type=\"image.default\">\n\t\t\t\t\t\t\t\t\t\t\t\t\t\t\t<img decoding=\"async\" width=\"800\" height=\"437\" src=\"http:\/\/alacordamusica.com\/home\/wp-content\/uploads\/2026\/03\/Gemini_Generated_Image_89jg9t89jg9t89jg-1024x559.png\" class=\"attachment-large size-large wp-image-178\" alt=\"\" srcset=\"http:\/\/alacordamusica.com\/home\/wp-content\/uploads\/2026\/03\/Gemini_Generated_Image_89jg9t89jg9t89jg-1024x559.png 1024w, http:\/\/alacordamusica.com\/home\/wp-content\/uploads\/2026\/03\/Gemini_Generated_Image_89jg9t89jg9t89jg-300x164.png 300w, http:\/\/alacordamusica.com\/home\/wp-content\/uploads\/2026\/03\/Gemini_Generated_Image_89jg9t89jg9t89jg-768x419.png 768w, http:\/\/alacordamusica.com\/home\/wp-content\/uploads\/2026\/03\/Gemini_Generated_Image_89jg9t89jg9t89jg-600x327.png 600w, http:\/\/alacordamusica.com\/home\/wp-content\/uploads\/2026\/03\/Gemini_Generated_Image_89jg9t89jg9t89jg.png 1408w\" sizes=\"(max-width: 800px) 100vw, 800px\" \/>\t\t\t\t\t\t\t\t\t\t\t\t\t\t\t<\/div>\n\t\t\t\t<\/div>\n\t\t\t\t\t<\/div>\n\t\t\t\t<\/div>\n\t\t\t\t<\/div>\n\t\t","protected":false},"excerpt":{"rendered":"<p>Bienvenido\/a: a la corda m\u00fasica tu tienda online de cuerdas y accesorios ENTRA AHORA Instagram Facebook Linkedin S\u00cdGUENOS En redes sociales QUIENES SOMOS Y QUIENES QUEREMOS SER \u00a0 \u00abA la Corda M\u00fasica\u00bb es una tienda pensada para m\u00fasicos y estudiantes que buscan cuerdas, accesorios y recursos musicales con criterio y confianza. Queremos pon\u00e9rtelo f\u00e1cil con [&hellip;]<\/p>\n","protected":false},"author":1,"featured_media":0,"parent":0,"menu_order":0,"comment_status":"closed","ping_status":"closed","template":"elementor_header_footer","meta":{"_joinchat":[],"footnotes":""},"class_list":["post-14","page","type-page","status-publish","hentry"],"jetpack_sharing_enabled":true,"_links":{"self":[{"href":"http:\/\/alacordamusica.com\/home\/wp-json\/wp\/v2\/pages\/14","targetHints":{"allow":["GET"]}}],"collection":[{"href":"http:\/\/alacordamusica.com\/home\/wp-json\/wp\/v2\/pages"}],"about":[{"href":"http:\/\/alacordamusica.com\/home\/wp-json\/wp\/v2\/types\/page"}],"author":[{"embeddable":true,"href":"http:\/\/alacordamusica.com\/home\/wp-json\/wp\/v2\/users\/1"}],"replies":[{"embeddable":true,"href":"http:\/\/alacordamusica.com\/home\/wp-json\/wp\/v2\/comments?post=14"}],"version-history":[{"count":49,"href":"http:\/\/alacordamusica.com\/home\/wp-json\/wp\/v2\/pages\/14\/revisions"}],"predecessor-version":[{"id":12580,"href":"http:\/\/alacordamusica.com\/home\/wp-json\/wp\/v2\/pages\/14\/revisions\/12580"}],"wp:attachment":[{"href":"http:\/\/alacordamusica.com\/home\/wp-json\/wp\/v2\/media?parent=14"}],"curies":[{"name":"wp","href":"https:\/\/api.w.org\/{rel}","templated":true}]}}